{"id":3679,"date":"2018-07-26T20:13:54","date_gmt":"2018-07-26T18:13:54","guid":{"rendered":"https:\/\/www.taekwondofeyzin.com\/?page_id=3679"},"modified":"2019-08-08T13:14:25","modified_gmt":"2019-08-08T11:14:25","slug":"lhistoire","status":"publish","type":"page","link":"https:\/\/www.taekwondofeyzin.com\/index.php\/lhistoire\/","title":{"rendered":"L&rsquo;histoire"},"content":{"rendered":"<p>[vc_row][vc_column width=\u00a0\u00bb1\/3&Prime;][vc_column_text]<\/p>\n<div style=\"text-align: center;\">Cr\u00e9\u00e9e en 1982 par Maitre EL OUARZAZ, 6eme Dan, arbitre mondial, membre fondateur de la F\u00e9d\u00e9ration Fran\u00e7aise de Taekwondo et Disciplines Associ\u00e9es, le Taekwondo Club de Feyzin fait partie des premiers club fond\u00e9 en France.<\/div>\n<div style=\"text-align: center;\"><\/div>\n<div style=\"text-align: center;\"><\/div>\n<p>[\/vc_column_text][\/vc_column][vc_column width=\u00a0\u00bb1\/3&Prime;][vc_single_image image=\u00a0\u00bb3628&Prime; alignment=\u00a0\u00bbcenter\u00a0\u00bb style=\u00a0\u00bbvc_box_shadow_3d\u00a0\u00bb][\/vc_column][vc_column width=\u00a0\u00bb1\/3&Prime;][vc_column_text]<\/p>\n<p style=\"text-align: center;\">Formateur de nombreux champions, arbitres, haut grad\u00e9s et entraineurs, le taekwondo club Feyzin est reconnu tant au niveau national (labellisation qualit\u00e9 et performance attribu\u00e9e par la FFTDA) qu\u2019international.<\/p>\n<p>[\/vc_column_text][\/vc_column][\/vc_row][vc_row][vc_column][vc_column_text]<\/p>\n<div style=\"text-align: center;\">Le logo du club n\u2019est autre qu\u2019une image d&rsquo;une photo datant des ann\u00e9e 80,ci-dessous, dans laquelle ma\u00eetre EL OUARZAZ ex\u00e9cute un tyo yop tchagui.<\/div>\n<p>[\/vc_column_text][\/vc_column][\/vc_row][vc_row][vc_column width=\u00a0\u00bb1\/2&Prime;][vc_single_image image=\u00a0\u00bb3750&Prime; img_size=\u00a0\u00bbmedium\u00a0\u00bb alignment=\u00a0\u00bbcenter\u00a0\u00bb][\/vc_column][vc_column width=\u00a0\u00bb1\/2&Prime;][vc_single_image image=\u00a0\u00bb3749&Prime; img_size=\u00a0\u00bblarge\u00a0\u00bb alignment=\u00a0\u00bbcenter\u00a0\u00bb][\/vc_column][\/vc_row][vc_row][vc_column][vc_mad_counter values=\u00a0\u00bb%5B%7B%22label%22%3A%22Ann%C3%A9es%20d&rsquo;exp%C3%A9riences%22%2C%22value%22%3A%2236%22%2C%22icon%22%3A%22time%22%7D%2C%7B%22label%22%3A%22Ceintures%20noires%20form%C3%A9es%22%2C%22value%22%3A%2243%22%2C%22icon%22%3A%22partnership%22%7D%2C%7B%22label%22%3A%22Entra%C3%AEneurs%20form%C3%A9s%22%2C%22value%22%3A%2224%22%2C%22icon%22%3A%22checkfile%22%7D%2C%7B%22label%22%3A%22Arbitres%20form%C3%A9s%22%2C%22value%22%3A%2216%22%2C%22icon%22%3A%22cup%22%7D%5D\u00a0\u00bb][\/vc_column][\/vc_row][vc_row content_placement=\u00a0\u00bbmiddle\u00a0\u00bb][vc_column][vc_custom_heading text=\u00a0\u00bbNos partenaires\u00a0\u00bb font_container=\u00a0\u00bbtag:h2|text_align:center\u00a0\u00bb el_class=\u00a0\u00bbone-opacity\u00a0\u00bb][vc_gallery columns=\u00a0\u00bb2&Prime; images=\u00a0\u00bb3710,3711,3701,3709,3930,3702,3704,4409,4411&Prime; img_size=\u00a0\u00bbmedium\u00a0\u00bb carousel=\u00a0\u00bb1&Prime;][\/vc_column][\/vc_row]<\/p>\n","protected":false},"excerpt":{"rendered":"<p>[vc_row][vc_column width=\u00a0\u00bb1\/3&Prime;][vc_column_text] Cr\u00e9\u00e9e en 1982 par Maitre EL OUARZAZ, 6eme Dan, arbitre mondial, membre fondateur de la F\u00e9d\u00e9ration Fran\u00e7aise de Taekwondo et Disciplines Associ\u00e9es, le Taekwondo Club de Feyzin fait partie des premiers club fond\u00e9 en France. [\/vc_column_text][\/vc_column][vc_column width=\u00a0\u00bb1\/3&Prime;][vc_single_image image=\u00a0\u00bb3628&Prime; alignment=\u00a0\u00bbcenter\u00a0\u00bb style=\u00a0\u00bbvc_box_shadow_3d\u00a0\u00bb][\/vc_column][vc_column width=\u00a0\u00bb1\/3&Prime;][vc_column_text] Formateur de nombreux champions, arbitres, haut grad\u00e9s et entraineurs, le taekwondo club [&hellip;]<\/p>\n","protected":false},"author":1,"featured_media":0,"parent":0,"menu_order":0,"comment_status":"closed","ping_status":"closed","template":"","meta":{"footnotes":""},"_links":{"self":[{"href":"https:\/\/www.taekwondofeyzin.com\/index.php\/wp-json\/wp\/v2\/pages\/3679"}],"collection":[{"href":"https:\/\/www.taekwondofeyzin.com\/index.php\/wp-json\/wp\/v2\/pages"}],"about":[{"href":"https:\/\/www.taekwondofeyzin.com\/index.php\/wp-json\/wp\/v2\/types\/page"}],"author":[{"embeddable":true,"href":"https:\/\/www.taekwondofeyzin.com\/index.php\/wp-json\/wp\/v2\/users\/1"}],"replies":[{"embeddable":true,"href":"https:\/\/www.taekwondofeyzin.com\/index.php\/wp-json\/wp\/v2\/comments?post=3679"}],"version-history":[{"count":32,"href":"https:\/\/www.taekwondofeyzin.com\/index.php\/wp-json\/wp\/v2\/pages\/3679\/revisions"}],"predecessor-version":[{"id":4417,"href":"https:\/\/www.taekwondofeyzin.com\/index.php\/wp-json\/wp\/v2\/pages\/3679\/revisions\/4417"}],"wp:attachment":[{"href":"https:\/\/www.taekwondofeyzin.com\/index.php\/wp-json\/wp\/v2\/media?parent=3679"}],"curies":[{"name":"wp","href":"https:\/\/api.w.org\/{rel}","templated":true}]}}